 79213 prime?
False
Is 10232767 prime?
True
Is 34854023 a composite number?
False
Is 10694351 a composite number?
False
Is 175199 a composite number?
True
Is 15693233 a prime number?
False
Is 785203 a prime number?
True
Is 4291201 a composite number?
True
Is 813708851 prime?
True
Is 7008439 a composite number?
True
Is 630467 composite?
False
Is 15645299 prime?
False
Is 482344939 a prime number?
True
Is 532770023 composite?
False
Is 2994377 composite?
False
Is 1556083 prime?
True
Is 127343 a composite number?
False
Is 275699 a composite number?
False
Is 3054859 prime?
False
Is 28029359 a prime number?
True
Is 636587417 a prime number?
True
Is 25420931 a prime number?
True
Is 264345581 prime?
False
Is 56612203 a composite number?
False
Is 171489907 a composite number?
False
Is 40378807 a composite number?
True
Is 13129591 a prime number?
False
Is 361183423 a composite number?
True
Is 45957595 a prime number?
False
Is 54431243 a prime number?
False
Is 2353277 a composite number?
True
Is 1734661 prime?
False
Is 4140361 composite?
False
Is 29513299 prime?
False
Is 181246174 a composite number?
True
Is 18891133 composite?
True
Is 4787947 a composite number?
True
Is 3633979 a prime number?
False
Is 5756119 a prime number?
True
Is 1115497 composite?
False
Is 3145721 prime?
True
Is 791351 a composite number?
True
Is 41262979 prime?
False
Is 292909 composite?
False
Is 1491597157 composite?
False
Is 397215883 composite?
True
Is 3567283 prime?
True
Is 16880081 composite?
False
Is 189511103 composite?
False
Is 4028333 composite?
False
Is 1071523 composite?
True
Is 9964102 a composite number?
True
Is 2922421 prime?
False
Is 500447 a prime number?
False
Is 7621027 a prime number?
False
Is 2503 a composite number?
False
Is 3369253 prime?
False
Is 4189999 a composite number?
True
Is 8624573 composite?
False
Is 3495589 composite?
True
Is 4788527 a prime number?
False
Is 55734317 prime?
False
Is 150095017 composite?
True
Is 2964943 a composite number?
False
Is 8186957 prime?
False
Is 15443573 a composite number?
True
Is 114085897 composite?
False
Is 100075543 prime?
False
Is 37265299 a composite number?
False
Is 2974033 a prime number?
True
Is 1749331 composite?
True
Is 260539 a prime number?
True
Is 453626059 a composite number?
False
Is 308951583 prime?
False
Is 9438151 a prime number?
True
Is 22865019 prime?
False
Is 75851005 prime?
False
Is 75937 prime?
True
Is 8209297 a prime number?
True
Is 780696815 a composite number?
True
Is 16453663 composite?
False
Is 1367101 prime?
True
Is 15094517 composite?
False
Is 210712378 composite?
True
Is 11477469 a prime number?
False
Is 451747 composite?
False
Is 47296497 a composite number?
True
Is 131169547 composite?
False
Is 470023 a composite number?
True
Is 156922573 a prime number?
True
Is 414048317 prime?
True
Is 705232147 prime?
True
Is 267522923 a composite number?
False
Is 24684193 prime?
False
Is 35292979 a prime number?
False
Is 36124987 composite?
True
Is 12161623 a prime number?
True
Is 37856543 a prime number?
True
Is 28223441 prime?
False
Is 637237 a composite number?
True
Is 512047 a prime number?
True
Is 573533 composite?
True
Is 83943179 a composite number?
False
Is 118151929 a composite number?
True
Is 2106983 a composite number?
False
Is 415662413 a prime number?
False
Is 13005697 composite?
True
Is 2598997 prime?
False
Is 2907197 composite?
True
Is 493 a prime number?
False
Is 1121713 prime?
False
Is 448106129 prime?
True
Is 19178671 a prime number?
True
Is 3503213 a composite number?
True
Is 57632698 composite?
True
Is 2444671 a prime number?
False
Is 33511721 prime?
False
Is 49767931 composite?
False
Is 31217737 a composite number?
True
Is 455751355 a prime number?
False
Is 177415943 prime?
True
Is 3213851 a prime number?
True
Is 7137506 a composite number?
True
Is 2632593 a composite number?
True
Is 61751 prime?
True
Is 15990019 a prime number?
False
Is 1482973 a prime number?
False
Is 2834309 prime?
True
Is 7339027 prime?
True
Is 773363 a prime number?
True
Is 10285021 prime?
False
Is 60045677 a prime number?
True
Is 13162 a prime number?
False
Is 386886601 composite?
True
Is 68305883 prime?
False
Is 32778397 a composite number?
True
Is 1449208281 prime?
False
Is 6037909 prime?
True
Is 11543161 composite?
True
Is 51209413 composite?
True
Is 1763821 a composite number?
False
Is 10677685 composite?
True
Is 732601 prime?
True
Is 74165321 a prime number?
True
Is 89966983 prime?
False
Is 21148949 prime?
False
Is 2566199 composite?
False
Is 11710037 a prime number?
True
Is 10935289 a prime number?
False
Is 47053 prime?
False
Is 2948419 prime?
False
Is 3576179 a composite number?
False
Is 800729 a composite number?
False
Is 3271459 prime?
True
Is 1413371 a composite number?
False
Is 3696547 composite?
True
Is 946535 a prime number?
False
Is 2770357 a composite number?
True
Is 183628177 a prime number?
True
Is 5631383 a prime number?
True
Is 4736923 composite?
True
Is 32957333 prime?
True
Is 7515593 a prime number?
True
Is 1755161 a composite number?
False
Is 101332447 prime?
True
Is 6587803 a composite number?
True
Is 4193099 prime?
False
Is 460766 a prime number?
False
Is 85787027 a prime number?
True
Is 10086311 composite?
True
Is 1742321 a prime number?
False
Is 29589877 a prime number?
False
Is 14358229 a prime number?
True
Is 81376931 composite?
False
Is 56222753 prime?
True
Is 1322262257 composite?
False
Is 53215529 a composite number?
False
Is 5168539 composite?
False
Is 21872861 composite?
False
Is 46887943 a composite number?
False
Is 251622733 a composite number?
False
Is 13188193 composite?
False
Is 10574383 a prime number?
True
Is 204887 a composite number?
False
Is 132459793 composite?
False
Is 25405781 a prime number?
True
Is 403109 a prime number?
False
Is 560187259 a composite number?
True
Is 15457289 composite?
False
Is 1068797 a composite number?
True
Is 726329 a prime number?
False
Is 92396621 a composite number?
False
Is 4332023 composite?
True
Is 74769077 composite?
True
Is 49691923 a composite number?
False
Is 329131 a prime number?
False
Is 40758997 composite?
True
Is 5189974 a prime number?
False
Is 146148127 a prime number?
True
Is 4843789 prime?
True
Is 4774727 composite?
False
Is 465323 a prime number?
False
Is 2267471 a prime number?
False
Is 231243185 a prime number?
False
Is 12066797 prime?
True
Is 57561749 composite?
True
Is 11725823 prime?
True
Is 30101783 prime?
True
Is 117188079 a composite number?
True
Is 293194151 prime?
True
Is 35334827 composite?
True
Is 2282177 a prime number?
False
Is 79192189 a composite number?
True
Is 12104317 a prime number?
True
Is 13050859 composite?
True
Is 102122219 a prime number?
True
Is 3770762 composite?
True
Is 40182437 prime?
False
Is 317467 composite?
True
Is 500896157 a prime number?
False
Is 8710939 a prime number?
True
Is 13431497 a composite number?
False
Is 5171281 a prime number?
False
Is 4507 a composite number?
False
Is 427378129 prime?
True
Is 3674633 composite?
True
Is 133630697 composite?
True
Is 1294169 a composite number?
False
Is 9236621 prime?
True
Is 116114849 prime?
True
Is 95656633 a composite number?
False
Is 9478559 composite?
False
Is 24561421 composite?
True
Is 8925233 a prime number?
True
Is 20692999 a prime number?
False
Is 4150271 a composite number?
True
Is 616769 composite?
False
Is 4536283 composite?
False
Is 16942405 composite?
True
Is 75961 a composite number?
True
Is 5028619 composite?
True
Is 5439139 composite?
False
Is 80535053 a composite number?
True
Is 1120822 a composite number?
True
Is 475116409 composite?
False
Is 16425317 a composite number?
False
Is 13617431 composite?
False
Is 54400013 a prime number?
False
Is 5430791 prime?
True
Is 623261 a composite number?
False
Is 1064131 a prime number?
True
Is 4191218 composite?
True
Is 568339 a composite number?
True
Is 74573969 composite?
True
Is 3722107 a composite number?
True
Is 21805435 prime?
False
Is 88819403 prime?
True
Is 380031383 a prime number?
False
Is 51125699 a prime number?
False
Is 72174077 prime?
False
Is 20104867 composite?
False
Is 1212581 a composite number?
True
Is 1308254 a prime number?
False
Is 16682723 a prime number?
False
Is 27827273 composite?
False
Is 50464147 a composite number?
True
Is 227711009 a composite number?
